{"id":924,"date":"2021-05-16T20:23:54","date_gmt":"2021-05-16T18:23:54","guid":{"rendered":"https:\/\/www.wellensittich.net\/blog\/?page_id=924"},"modified":"2021-05-24T15:44:17","modified_gmt":"2021-05-24T13:44:17","slug":"einzelhaltung","status":"publish","type":"page","link":"https:\/\/www.wellensittich.net\/blog\/einzelhaltung\/","title":{"rendered":"Einzelhaltung bei Sittiche und Papageien"},"content":{"rendered":"\t\t<div data-elementor-type=\"wp-page\" data-elementor-id=\"924\" class=\"elementor elementor-924\" data-elementor-settings=\"[]\">\n\t\t\t\t\t\t\t<div class=\"elementor-section-wrap\">\n\t\t\t\t\t\t\t<section class=\"elementor-section elementor-top-section elementor-element elementor-element-257a3cc elementor-section-full_width elementor-section-height-min-height elementor-section-items-top elementor-section-height-default\" data-id=\"257a3cc\" data-element_type=\"section\" data-settings=\"{&quot;background_background&quot;:&quot;classic&quot;}\">\n\t\t\t\t\t\t<div class=\"elementor-container elementor-column-gap-default\">\n\t\t\t\t\t<div class=\"elementor-column elementor-col-100 elementor-top-column elementor-element elementor-element-24e9ea9a\" data-id=\"24e9ea9a\" data-element_type=\"column\">\n\t\t\t<div class=\"elementor-widget-wrap\">\n\t\t\t\t\t\t\t\t\t<\/div>\n\t\t<\/div>\n\t\t\t\t\t\t\t<\/div>\n\t\t<\/section>\n\t\t\t\t<section class=\"elementor-section elementor-top-section elementor-element elementor-element-1ab1b12e elementor-section-boxed elementor-section-height-default elementor-section-height-default\" data-id=\"1ab1b12e\" data-element_type=\"section\">\n\t\t\t\t\t\t<div class=\"elementor-container elementor-column-gap-default\">\n\t\t\t\t\t<div class=\"elementor-column elementor-col-100 elementor-top-column elementor-element elementor-element-429e5861\" data-id=\"429e5861\" data-element_type=\"column\">\n\t\t\t<div class=\"elementor-widget-wrap elementor-element-populated\">\n\t\t\t\t\t\t\t\t<div class=\"elementor-element elementor-element-39f8b960 elementor-widget elementor-widget-text-editor\" data-id=\"39f8b960\" data-element_type=\"widget\" data-widget_type=\"text-editor.default\">\n\t\t\t\t<div class=\"elementor-widget-container\">\n\t\t\t\t\t\t\t\t<p><span class=\"oceanwp-breadcrumb\"><nav aria-label=\"Breadcrumbs\" class=\"site-breadcrumbs clr position-under-title\" itemprop=\"breadcrumb\"><ol class=\"trail-items\" itemscope itemtype=\"http:\/\/schema.org\/BreadcrumbList\"><meta name=\"numberOfItems\" content=\"1\" \/><meta name=\"itemListOrder\" content=\"Ascending\" \/><li class=\"trail-item trail-end\" itemprop=\"itemListElement\" itemscope itemtype=\"https:\/\/schema.org\/ListItem\"><a href=\"https:\/\/www.wellensittich.net\/blog\" rel=\"home\" aria-label=\"Home (Start)\" itemtype=\"https:\/\/schema.org\/Thing\" itemprop=\"item\"><span itemprop=\"name\"><span class=\"icon-home\" aria-hidden=\"true\"><\/span><span class=\"breadcrumb-home has-icon\">Home (Start)<\/span><\/span><\/a><meta content=\"1\" itemprop=\"position\" \/><\/li><\/ol><\/nav><\/span><\/p>\t\t\t\t\t\t<\/div>\n\t\t\t\t<\/div>\n\t\t\t\t\t<\/div>\n\t\t<\/div>\n\t\t\t\t\t\t\t<\/div>\n\t\t<\/section>\n\t\t\t\t<section class=\"elementor-section elementor-top-section elementor-element elementor-element-a2786fb elementor-section-boxed elementor-section-height-default elementor-section-height-default\" data-id=\"a2786fb\" data-element_type=\"section\">\n\t\t\t\t\t\t<div class=\"elementor-container elementor-column-gap-default\">\n\t\t\t\t\t<div class=\"elementor-column elementor-col-100 elementor-top-column elementor-element elementor-element-bcd39ff\" data-id=\"bcd39ff\" data-element_type=\"column\">\n\t\t\t<div class=\"elementor-widget-wrap elementor-element-populated\">\n\t\t\t\t\t\t\t\t<div class=\"elementor-element elementor-element-f5307dd elementor-invisible elementor-widget elementor-widget-heading\" data-id=\"f5307dd\" data-element_type=\"widget\" data-settings=\"{&quot;_animation&quot;:&quot;fadeInDown&quot;}\" data-widget_type=\"heading.default\">\n\t\t\t\t<div class=\"elementor-widget-container\">\n\t\t\t<h1 class=\"elementor-heading-title elementor-size-default\">Einzelhaltung - Muss das sein?<\/h1>\t\t<\/div>\n\t\t\t\t<\/div>\n\t\t\t\t\t<\/div>\n\t\t<\/div>\n\t\t\t\t\t\t\t<\/div>\n\t\t<\/section>\n\t\t\t\t<section class=\"elementor-section elementor-top-section elementor-element elementor-element-ecafed4 elementor-section-boxed elementor-section-height-default elementor-section-height-default\" data-id=\"ecafed4\" data-element_type=\"section\">\n\t\t\t\t\t\t<div class=\"elementor-container elementor-column-gap-default\">\n\t\t\t\t\t<div class=\"elementor-column elementor-col-100 elementor-top-column elementor-element elementor-element-701f12d\" data-id=\"701f12d\" data-element_type=\"column\">\n\t\t\t<div class=\"elementor-widget-wrap elementor-element-populated\">\n\t\t\t\t\t\t\t\t<div class=\"elementor-element elementor-element-694541e elementor-widget elementor-widget-text-editor\" data-id=\"694541e\" data-element_type=\"widget\" data-widget_type=\"text-editor.default\">\n\t\t\t\t<div class=\"elementor-widget-container\">\n\t\t\t\t\t\t\t\t<h2>Klare Antwort: NEIN zur Einzelhaltung!<\/h2><p>An dieser Stelle sei klipp und klar vermerkt, dass eine Einzelhaltung f\u00fcr Wellensittiche nicht in Frage kommt.<\/p><p>Denn: EIN Wellensittich ist KEIN Wellensittich!<\/p><p><strong>Sittiche sind Schwarmv\u00f6gel<\/strong> und unterhalten ein ausgepr\u00e4gtes Sozialverhalten, welches sie erst in einem Schwarm richtig erlernen. Ein Wellensittich, der keine Artgenossen um sich herum hat, wird dieses f\u00fcr ihn so wichtige Sozialverhalten nicht ausleben k\u00f6nnen und wird entweder leicht oder im schlimmsten Fall sogar schwer <strong>verhaltensgest\u00f6rt<\/strong> werden.<\/p><p>Der Vogel muss jetzt nicht bewusst darunter leiden, aber er wird es unbewusst tun und es ist Tatsache, <strong>dass ihm etwas sehr wichtiges vorenthalten wird<\/strong> und er sich dann eine oder mehrere Ersatzbefriedigungen suchen muss.<\/p><p>Das kann so weit gehen, dass sich Wellensittiche rupfen, sie schreien, dahinvegetieren, tags\u00fcber d\u00f6sen und erst wach werden, wenn ihr Mensch nach Hause kommt. Oder sie h\u00e4ngen abg\u00f6ttisch an ihrem Menschen, der aber nicht rund um die Uhr bei sie sein kann. Oder leider ist es auch vorgekommen, wenn der Mensch f\u00fcr mehrere Tage abwesend ist, was immer mal passieren kann, dass der kleine Wellensittich <strong>aus Sehnsucht krank<\/strong> wurde und sich davon nicht mehr erholt hat, also sozusagen an gebrochenem Herzen gestorben ist. Woher sollte er auch wissen, dass der Urlaub nur 14 Tage dauert.<\/p><p>M\u00f6chtest du das? Oder m\u00f6chtest du deinem Wellensittich nicht das Beste bieten?<\/p><p>Die Argumente, die man in Foren oft h\u00f6rt: &#8222;Mein Wellensittich ist auch alleine, aber ihm geht es gut, er fliegt mir hinterher, hat Spa\u00df, will sogar von unserem Essen naschen.&#8220; &#8211; Das hei\u00dft doch nur, dass dem Wellensittich gar nichts anderes \u00fcbrig bleibt. Er wird sich jemanden anschlie\u00dfen, weil es in seiner Natur liegt.<\/p><h3>Versetze dich in seine Lage!<\/h3><p>Stelle dir vor, du wirst eines Tages entf\u00fchrt. Du bist fertig mit der Welt und hast Angst vor deinem Entf\u00fchrer und vor der Situation. Du wurdest aus deiner bisherigen Umgebung herausgerissen. Du hoffst, dass du vielleicht schon morgen wieder zu deiner Familie und deinen Freunden darfst. Aber es vergeht ein Tag nach dem anderen, du vermisst deine Familie schrecklich. Dein Entf\u00fchrer unterh\u00e4lt sich ab und zu mit dir, aber du verstehst kein Wort, weil du die Sprache nicht kennst. Er gibt dir Nahrung und ein frisches Bett, aber er ist das einzige Lebewesen, was du siehst und er sieht auch irgendwie gro\u00df und furchteinfl\u00f6\u00dfend aus. Dir bleibt irgendwann nichts weiter \u00fcbrig, als dich mit der Situation zu arrangieren und du entwickelst aus deiner Not heraus vielleicht sogar irgendwann so etwas wie freundschaftliche Gef\u00fchle f\u00fcr deinen Entf\u00fchrer.<\/p><p>So \u00e4hnlich verh\u00e4lt es sich, wenn man einen Wellensittich einzeln h\u00e4lt. Die Zahmheit, die Sympathiebekundungen, das Nachahmen menschlicher Laute sind nur aus einer Not heraus entstanden, denn er ist ein\u00a0<strong>Schwarmvogel<\/strong>\u00a0und braucht artgleiche Gesellschaft. Aber du sprichst doch gar nicht seine Sprache. Das scheint vielen Haltern entweder nicht klar zu sein oder es ist ihnen einfach egal.<\/p>\t\t\t\t\t\t<\/div>\n\t\t\t\t<\/div>\n\t\t\t\t\t<\/div>\n\t\t<\/div>\n\t\t\t\t\t\t\t<\/div>\n\t\t<\/section>\n\t\t\t\t<section class=\"elementor-section elementor-top-section elementor-element elementor-element-3db929ec elementor-section-boxed elementor-section-height-default elementor-section-height-default\" data-id=\"3db929ec\" data-element_type=\"section\">\n\t\t\t\t\t\t<div class=\"elementor-container elementor-column-gap-default\">\n\t\t\t\t\t<div class=\"elementor-column elementor-col-100 elementor-top-column elementor-element elementor-element-2a6ff151\" data-id=\"2a6ff151\" data-element_type=\"column\">\n\t\t\t<div class=\"elementor-widget-wrap elementor-element-populated\">\n\t\t\t\t\t\t\t\t<div class=\"elementor-element elementor-element-5759e7c2 elementor-widget elementor-widget-wp-widget-ocean_social_share\" data-id=\"5759e7c2\" data-element_type=\"widget\" data-widget_type=\"wp-widget-ocean_social_share.default\">\n\t\t\t\t<div class=\"elementor-widget-container\">\n\t\t\t<h5>Teilst du gerne?<\/h5>\t\t\t\t<ul class=\"owp-social-share style-minimal name-hidden\">\n\t\t\t\t\t<li class=\"twitter\"><a href=\"https:\/\/twitter.com\/share?text=Einzelhaltung bei Sittiche und Papageien&amp;url=https%3A%2F%2Fwww.wellensittich.net%2Fblog%2Feinzelhaltung%2F\" title=\"Share on Twitter\"  onclick=\"owpShareOnClick( this.href );return false;\"><span class=\"owp-icon-wrap\"><svg class=\"owpss-icon\" aria-labelledby=\"owpss-twitter-icon\" role=\"img\" viewBox=\"0 0 24 24\" xmlns=\"http:\/\/www.w3.org\/2000\/svg\">\n\t\t\t\t\t\t\t\t<path d=\"M23.954 4.569c-.885.389-1.83.654-2.825.775 1.014-.611 1.794-1.574 2.163-2.723-.951.555-2.005.959-3.127 1.184-.896-.959-2.173-1.559-3.591-1.559-2.717 0-4.92 2.203-4.92 4.917 0 .39.045.765.127 1.124C7.691 8.094 4.066 6.13 1.64 3.161c-.427.722-.666 1.561-.666 2.475 0 1.71.87 3.213 2.188 4.096-.807-.026-1.566-.248-2.228-.616v.061c0 2.385 1.693 4.374 3.946 4.827-.413.111-.849.171-1.296.171-.314 0-.615-.03-.916-.086.631 1.953 2.445 3.377 4.604 3.417-1.68 1.319-3.809 2.105-6.102 2.105-.39 0-.779-.023-1.17-.067 2.189 1.394 4.768 2.209 7.557 2.209 9.054 0 13.999-7.496 13.999-13.986 0-.209 0-.42-.015-.63.961-.689 1.8-1.56 2.46-2.548l-.047-.02z\"\/>\n\t\t\t\t\t\t\t<\/svg><\/span><\/a><\/li><li class=\"facebook\"><a href=\"https:\/\/www.facebook.com\/sharer.php?u=https%3A%2F%2Fwww.wellensittich.net%2Fblog%2Feinzelhaltung%2F\" title=\"Share on Facebook\"  onclick=\"owpShareOnClick( this.href );return false;\"><span class=\"owp-icon-wrap\"><svg class=\"owpss-icon\" aria-labelledby=\"owpss-facebook-icon\" role=\"img\" viewBox=\"0 0 24 24\" xmlns=\"http:\/\/www.w3.org\/2000\/svg\">\n\t\t\t\t\t\t\t\t<path d=\"M5.677,12.998V8.123h3.575V6.224C9.252,2.949,11.712,0,14.736,0h3.94v4.874h-3.94\n\t\t\t\t\t\t\t\tc-0.432,0-0.934,0.524-0.934,1.308v1.942h4.874v4.874h-4.874V24H9.252V12.998H5.677z\"\/>\n\t\t\t\t\t\t\t<\/svg><\/span><\/a><\/li><li class=\"pinterest\"><a href=\"https:\/\/www.pinterest.com\/pin\/create\/button\/?url=https%3A%2F%2Fwww.wellensittich.net%2Fblog%2Feinzelhaltung%2F&amp;media=&amp;description=Einzelhaltung+-+Muss+das+sein%3F+Klare+Antwort%3A+NEIN+zur+Einzelhaltung%21An+dieser+Stelle+sei+klipp+und+klar+vermerkt%2C+dass+eine+Einzelhaltung+f%C3%BCr+Wellensittiche+nicht+in+Frage+kommt.Denn%3A+EIN+Wellensittich+ist+KEIN+Wellensittich%21Sittiche+sind+Schwarmv%C3%B6gel+und+unterhalten+ein+ausgepr%C3%A4gtes+Sozialverhalten%2C+welches+sie%26hellip%3B\" title=\"Share on Pinterest\"  onclick=\"owpShareOnClick( this.href );return false;\"><span class=\"owp-icon-wrap\"><svg class=\"owpss-icon\" aria-labelledby=\"owpss-pinterest-icon\" role=\"img\" viewBox=\"0 0 24 24\" xmlns=\"http:\/\/www.w3.org\/2000\/svg\">\n\t\t\t\t\t\t\t\t<path d=\"M13.757,17.343c-1.487,0-2.886-0.804-3.365-1.717c0,0-0.8,3.173-0.969,3.785\n\t\t\t\t\t\t\t\tc-0.596,2.165-2.35,4.331-2.487,4.508c-0.095,0.124-0.305,0.085-0.327-0.078c-0.038-0.276-0.485-3.007,0.041-5.235\n\t\t\t\t\t\t\t\tc0.264-1.118,1.772-7.505,1.772-7.505s-0.44-0.879-0.44-2.179c0-2.041,1.183-3.565,2.657-3.565c1.252,0,1.857,0.94,1.857,2.068\n\t\t\t\t\t\t\t\tc0,1.26-0.802,3.142-1.216,4.888c-0.345,1.461,0.734,2.653,2.174,2.653c2.609,0,4.367-3.352,4.367-7.323\n\t\t\t\t\t\t\t\tc0-3.018-2.032-5.278-5.731-5.278c-4.177,0-6.782,3.116-6.782,6.597c0,1.2,0.355,2.047,0.909,2.701\n\t\t\t\t\t\t\t\tc0.255,0.301,0.29,0.422,0.198,0.767c-0.067,0.254-0.218,0.864-0.281,1.106c-0.092,0.349-0.375,0.474-0.69,0.345\n\t\t\t\t\t\t\t\tc-1.923-0.785-2.82-2.893-2.82-5.262c0-3.912,3.3-8.604,9.844-8.604c5.259,0,8.72,3.805,8.72,7.89\n\t\t\t\t\t\t\t\tC21.188,13.307,18.185,17.343,13.757,17.343z\"\/>\n\t\t\t\t\t\t\t<\/svg><\/span><\/a><\/li>\t\t\t\t<\/ul>\n\n\t\t\t\t\n\t\t\n\t\t\t\t\t<\/div>\n\t\t\t\t<\/div>\n\t\t\t\t\t<\/div>\n\t\t<\/div>\n\t\t\t\t\t\t\t<\/div>\n\t\t<\/section>\n\t\t\t\t<section class=\"elementor-section elementor-top-section elementor-element elementor-element-d03e6c1 elementor-section-boxed elementor-section-height-default elementor-section-height-default\" data-id=\"d03e6c1\" data-element_type=\"section\" data-settings=\"{&quot;background_background&quot;:&quot;classic&quot;}\">\n\t\t\t\t\t\t<div class=\"elementor-container elementor-column-gap-default\">\n\t\t\t\t\t<div class=\"elementor-column elementor-col-25 elementor-top-column elementor-element elementor-element-2cf91a89\" data-id=\"2cf91a89\" data-element_type=\"column\">\n\t\t\t<div class=\"elementor-widget-wrap elementor-element-populated\">\n\t\t\t\t\t\t\t\t<div class=\"elementor-element elementor-element-46061cab elementor-widget elementor-widget-heading\" data-id=\"46061cab\" data-element_type=\"widget\" data-widget_type=\"heading.default\">\n\t\t\t\t<div class=\"elementor-widget-container\">\n\t\t\t<h4 class=\"elementor-heading-title elementor-size-default\">Disclaimer<\/h4>\t\t<\/div>\n\t\t\t\t<\/div>\n\t\t\t\t<div class=\"elementor-element elementor-element-6c44e1a2 elementor-widget elementor-widget-text-editor\" data-id=\"6c44e1a2\" data-element_type=\"widget\" data-widget_type=\"text-editor.default\">\n\t\t\t\t<div class=\"elementor-widget-container\">\n\t\t\t\t\t\t\t\t<p>Kopieren und Publizieren des Textmaterials &#8211; auch auszugsweise ist auf fremden Seiten nicht erlaubt, es bedarf einer expliziten Genehmigung\u00a0 und ist selbst dann mit Setzung eines Backlinks verbunden.<\/p>\t\t\t\t\t\t<\/div>\n\t\t\t\t<\/div>\n\t\t\t\t\t<\/div>\n\t\t<\/div>\n\t\t\t\t<div class=\"elementor-column elementor-col-25 elementor-top-column elementor-element elementor-element-e55922b\" data-id=\"e55922b\" data-element_type=\"column\">\n\t\t\t<div class=\"elementor-widget-wrap elementor-element-populated\">\n\t\t\t\t\t\t\t\t<div class=\"elementor-element elementor-element-3bd61791 elementor-widget elementor-widget-heading\" data-id=\"3bd61791\" data-element_type=\"widget\" data-widget_type=\"heading.default\">\n\t\t\t\t<div class=\"elementor-widget-container\">\n\t\t\t<h4 class=\"elementor-heading-title elementor-size-default\">Seiten<\/h4>\t\t<\/div>\n\t\t\t\t<\/div>\n\t\t\t\t<div class=\"elementor-element elementor-element-391027df elementor-icon-list--layout-traditional elementor-list-item-link-full_width elementor-widget elementor-widget-icon-list\" data-id=\"391027df\" data-element_type=\"widget\" data-widget_type=\"icon-list.default\">\n\t\t\t\t<div class=\"elementor-widget-container\">\n\t\t\t\t\t<ul class=\"elementor-icon-list-items\">\n\t\t\t\t\t\t\t<li class=\"elementor-icon-list-item\">\n\t\t\t\t\t<a href=\"https:\/\/www.wellensittich.net\/blog\/inhalt\/\">\t\t\t\t\t\t<span class=\"elementor-icon-list-icon\">\n\t\t\t\t\t\t\t<i aria-hidden=\"true\" class=\"fas fa-angle-right\"><\/i>\t\t\t\t\t\t<\/span>\n\t\t\t\t\t\t\t\t\t\t<span class=\"elementor-icon-list-text\">Sitemap<\/span>\n\t\t\t\t\t\t\t\t\t\t\t<\/a>\n\t\t\t\t\t\t\t\t\t<\/li>\n\t\t\t\t\t\t\t\t<li class=\"elementor-icon-list-item\">\n\t\t\t\t\t\t\t\t\t\t\t<span class=\"elementor-icon-list-icon\">\n\t\t\t\t\t\t\t<i aria-hidden=\"true\" class=\"fas fa-angle-right\"><\/i>\t\t\t\t\t\t<\/span>\n\t\t\t\t\t\t\t\t\t\t<span class=\"elementor-icon-list-text\"> #2<\/span>\n\t\t\t\t\t\t\t\t\t<\/li>\n\t\t\t\t\t\t\t\t<li class=\"elementor-icon-list-item\">\n\t\t\t\t\t\t\t\t\t\t\t<span class=\"elementor-icon-list-icon\">\n\t\t\t\t\t\t\t<i aria-hidden=\"true\" class=\"fas fa-angle-right\"><\/i>\t\t\t\t\t\t<\/span>\n\t\t\t\t\t\t\t\t\t\t<span class=\"elementor-icon-list-text\">#3<\/span>\n\t\t\t\t\t\t\t\t\t<\/li>\n\t\t\t\t\t\t<\/ul>\n\t\t\t\t<\/div>\n\t\t\t\t<\/div>\n\t\t\t\t\t<\/div>\n\t\t<\/div>\n\t\t\t\t<div class=\"elementor-column elementor-col-25 elementor-top-column elementor-element elementor-element-3e431dc4\" data-id=\"3e431dc4\" data-element_type=\"column\">\n\t\t\t<div class=\"elementor-widget-wrap elementor-element-populated\">\n\t\t\t\t\t\t\t\t<div class=\"elementor-element elementor-element-6c825f19 elementor-widget elementor-widget-heading\" data-id=\"6c825f19\" data-element_type=\"widget\" data-widget_type=\"heading.default\">\n\t\t\t\t<div class=\"elementor-widget-container\">\n\t\t\t<h4 class=\"elementor-heading-title elementor-size-default\">Info<\/h4>\t\t<\/div>\n\t\t\t\t<\/div>\n\t\t\t\t<div class=\"elementor-element elementor-element-45b071b6 elementor-list-item-link-full_width elementor-widget elementor-widget-icon-list\" data-id=\"45b071b6\" data-element_type=\"widget\" data-widget_type=\"icon-list.default\">\n\t\t\t\t<div class=\"elementor-widget-container\">\n\t\t\t\t\t<ul class=\"elementor-icon-list-items\">\n\t\t\t\t\t\t\t<li class=\"elementor-icon-list-item\">\n\t\t\t\t\t<a href=\"https:\/\/www.wellensittich.net\/blog\/datenschutzerklaerung\/\" rel=\"nofollow\">\t\t\t\t\t\t<span class=\"elementor-icon-list-icon\">\n\t\t\t\t\t\t\t<i aria-hidden=\"true\" class=\"fas fa-angle-right\"><\/i>\t\t\t\t\t\t<\/span>\n\t\t\t\t\t\t\t\t\t\t<span class=\"elementor-icon-list-text\">Datenschutz<\/span>\n\t\t\t\t\t\t\t\t\t\t\t<\/a>\n\t\t\t\t\t\t\t\t\t<\/li>\n\t\t\t\t\t\t\t\t<li class=\"elementor-icon-list-item\">\n\t\t\t\t\t<a href=\"https:\/\/www.wellensittich.net\/blog\/impressum\/\" rel=\"nofollow\">\t\t\t\t\t\t<span class=\"elementor-icon-list-icon\">\n\t\t\t\t\t\t\t<i aria-hidden=\"true\" class=\"fas fa-angle-right\"><\/i>\t\t\t\t\t\t<\/span>\n\t\t\t\t\t\t\t\t\t\t<span class=\"elementor-icon-list-text\">Impressum<\/span>\n\t\t\t\t\t\t\t\t\t\t\t<\/a>\n\t\t\t\t\t\t\t\t\t<\/li>\n\t\t\t\t\t\t\t\t<li class=\"elementor-icon-list-item\">\n\t\t\t\t\t<a href=\"https:\/\/www.wellensittich.net\/blog\/kontakt\/\" rel=\"nofollow\">\t\t\t\t\t\t<span class=\"elementor-icon-list-icon\">\n\t\t\t\t\t\t\t<i aria-hidden=\"true\" class=\"fas fa-angle-right\"><\/i>\t\t\t\t\t\t<\/span>\n\t\t\t\t\t\t\t\t\t\t<span class=\"elementor-icon-list-text\">Kontakt<\/span>\n\t\t\t\t\t\t\t\t\t\t\t<\/a>\n\t\t\t\t\t\t\t\t\t<\/li>\n\t\t\t\t\t\t<\/ul>\n\t\t\t\t<\/div>\n\t\t\t\t<\/div>\n\t\t\t\t\t<\/div>\n\t\t<\/div>\n\t\t\t\t<div class=\"elementor-column elementor-col-25 elementor-top-column elementor-element elementor-element-146729b4\" data-id=\"146729b4\" data-element_type=\"column\" data-settings=\"{&quot;background_background&quot;:&quot;classic&quot;}\">\n\t\t\t<div class=\"elementor-widget-wrap elementor-element-populated\">\n\t\t\t\t\t\t\t\t<div class=\"elementor-element elementor-element-7b0ddd15 elementor-widget elementor-widget-heading\" data-id=\"7b0ddd15\" data-element_type=\"widget\" data-widget_type=\"heading.default\">\n\t\t\t\t<div class=\"elementor-widget-container\">\n\t\t\t<h4 class=\"elementor-heading-title elementor-size-default\">Social Media<\/h4>\t\t<\/div>\n\t\t\t\t<\/div>\n\t\t\t\t<div class=\"elementor-element elementor-element-667fbdca e-grid-align-left elementor-shape-rounded elementor-grid-0 elementor-widget elementor-widget-social-icons\" data-id=\"667fbdca\" data-element_type=\"widget\" data-widget_type=\"social-icons.default\">\n\t\t\t\t<div class=\"elementor-widget-container\">\n\t\t\t\t\t<div class=\"elementor-social-icons-wrapper elementor-grid\">\n\t\t\t\t\t\t\t<div class=\"elementor-grid-item\">\n\t\t\t\t\t<a class=\"elementor-icon elementor-social-icon elementor-social-icon-facebook-f elementor-animation-pulse elementor-repeater-item-c1104d1\" href=\"https:\/\/www.facebook.com\/wellensittiche\/\" target=\"_blank\">\n\t\t\t\t\t\t<span class=\"elementor-screen-only\">Facebook-f<\/span>\n\t\t\t\t\t\t<i class=\"fab fa-facebook-f\"><\/i>\t\t\t\t\t<\/a>\n\t\t\t\t<\/div>\n\t\t\t\t\t\t\t<div class=\"elementor-grid-item\">\n\t\t\t\t\t<a class=\"elementor-icon elementor-social-icon elementor-social-icon-twitter elementor-animation-pulse elementor-repeater-item-7de7550\" href=\"https:\/\/www.twitter.com\/sittiche_de\/\" target=\"_blank\">\n\t\t\t\t\t\t<span class=\"elementor-screen-only\">Twitter<\/span>\n\t\t\t\t\t\t<i class=\"fab fa-twitter\"><\/i>\t\t\t\t\t<\/a>\n\t\t\t\t<\/div>\n\t\t\t\t\t\t\t<div class=\"elementor-grid-item\">\n\t\t\t\t\t<a class=\"elementor-icon elementor-social-icon elementor-social-icon-youtube elementor-animation-pulse elementor-repeater-item-eb3cdb2\" href=\"https:\/\/www.youtube.com\/channel\/UC4FvyYrrHDVuInFX-ETgFUA\" target=\"_blank\">\n\t\t\t\t\t\t<span class=\"elementor-screen-only\">Youtube<\/span>\n\t\t\t\t\t\t<i class=\"fab fa-youtube\"><\/i>\t\t\t\t\t<\/a>\n\t\t\t\t<\/div>\n\t\t\t\t\t\t\t<div class=\"elementor-grid-item\">\n\t\t\t\t\t<a class=\"elementor-icon elementor-social-icon elementor-social-icon-pinterest elementor-animation-pulse elementor-repeater-item-9757608\" href=\"https:\/\/www.pinterest.com\/wellensittichnet\/\" target=\"_blank\">\n\t\t\t\t\t\t<span class=\"elementor-screen-only\">Pinterest<\/span>\n\t\t\t\t\t\t<i class=\"fab fa-pinterest\"><\/i>\t\t\t\t\t<\/a>\n\t\t\t\t<\/div>\n\t\t\t\t\t\t\t<div class=\"elementor-grid-item\">\n\t\t\t\t\t<a class=\"elementor-icon elementor-social-icon elementor-social-icon-instagram elementor-animation-pulse elementor-repeater-item-38bbd5d\" href=\"https:\/\/www.instagram.com\/wellensittichnet\/\" target=\"_blank\">\n\t\t\t\t\t\t<span class=\"elementor-screen-only\">Instagram<\/span>\n\t\t\t\t\t\t<i class=\"fab fa-instagram\"><\/i>\t\t\t\t\t<\/a>\n\t\t\t\t<\/div>\n\t\t\t\t\t<\/div>\n\t\t\t\t<\/div>\n\t\t\t\t<\/div>\n\t\t\t\t\t<\/div>\n\t\t<\/div>\n\t\t\t\t\t\t\t<\/div>\n\t\t<\/section>\n\t\t\t\t\t\t<\/div>\n\t\t\t\t\t<\/div>\n\t\t","protected":false},"excerpt":{"rendered":"<p>Einzelhaltung &#8211; Muss das sein? Klare Antwort: NEIN zur Einzelhaltung! An dieser Stelle sei klipp und klar vermerkt, dass eine Einzelhaltung f\u00fcr Wellensittiche nicht in Frage kommt. Denn: EIN Wellensittich ist KEIN Wellensittich! Sittiche sind Schwarmv\u00f6gel und unterhalten ein ausgepr\u00e4gtes Sozialverhalten, welches sie erst in einem Schwarm richtig erlernen. Ein Wellensittich, der keine Artgenossen um [&hellip;]<\/p>\n","protected":false},"author":1,"featured_media":0,"parent":0,"menu_order":0,"comment_status":"closed","ping_status":"closed","template":"","meta":{"footnotes":""},"class_list":["post-924","page","type-page","status-publish","hentry","entry"],"yoast_head":"<!-- This site is optimized with the Yoast SEO plugin v16.3 - https:\/\/yoast.com\/wordpress\/plugins\/seo\/ -->\n<title>Einzelhaltung bei Sittiche und Papageien - Wellensittich Wegweiser<\/title>\n<meta name=\"robots\" content=\"index, follow, max-snippet:-1, max-image-preview:large, max-video-preview:-1\" \/>\n<link rel=\"canonical\" href=\"https:\/\/www.wellensittich.net\/blog\/einzelhaltung\/\" \/>\n<meta property=\"og:locale\" content=\"de_DE\" \/>\n<meta property=\"og:type\" content=\"article\" \/>\n<meta property=\"og:title\" content=\"Einzelhaltung bei Sittiche und Papageien - Wellensittich Wegweiser\" \/>\n<meta property=\"og:description\" content=\"Einzelhaltung &#8211; Muss das sein? Klare Antwort: NEIN zur Einzelhaltung! An dieser Stelle sei klipp und klar vermerkt, dass eine Einzelhaltung f\u00fcr Wellensittiche nicht in Frage kommt. Denn: EIN Wellensittich ist KEIN Wellensittich! Sittiche sind Schwarmv\u00f6gel und unterhalten ein ausgepr\u00e4gtes Sozialverhalten, welches sie erst in einem Schwarm richtig erlernen. Ein Wellensittich, der keine Artgenossen um [&hellip;]\" \/>\n<meta property=\"og:url\" content=\"https:\/\/www.wellensittich.net\/blog\/einzelhaltung\/\" \/>\n<meta property=\"og:site_name\" content=\"Wellensittich Wegweiser\" \/>\n<meta property=\"article:publisher\" content=\"https:\/\/www.facebook.com\/wellensittiche\/\" \/>\n<meta property=\"article:modified_time\" content=\"2021-05-24T13:44:17+00:00\" \/>\n<meta name=\"twitter:card\" content=\"summary_large_image\" \/>\n<meta name=\"twitter:label1\" content=\"Gesch\u00e4tzte Lesezeit\">\n\t<meta name=\"twitter:data1\" content=\"3\u00a0Minuten\">\n<script type=\"application\/ld+json\" class=\"yoast-schema-graph\">{\"@context\":\"https:\/\/schema.org\",\"@graph\":[{\"@type\":\"WebSite\",\"@id\":\"https:\/\/www.wellensittich.net\/blog\/#website\",\"url\":\"https:\/\/www.wellensittich.net\/blog\/\",\"name\":\"Wellensittich Wegweiser\",\"description\":\"Wellensittich Freunde hereinspaziert!\",\"potentialAction\":[{\"@type\":\"SearchAction\",\"target\":\"https:\/\/www.wellensittich.net\/blog\/?s={search_term_string}\",\"query-input\":\"required name=search_term_string\"}],\"inLanguage\":\"de\"},{\"@type\":\"WebPage\",\"@id\":\"https:\/\/www.wellensittich.net\/blog\/einzelhaltung\/#webpage\",\"url\":\"https:\/\/www.wellensittich.net\/blog\/einzelhaltung\/\",\"name\":\"Einzelhaltung bei Sittiche und Papageien - Wellensittich Wegweiser\",\"isPartOf\":{\"@id\":\"https:\/\/www.wellensittich.net\/blog\/#website\"},\"datePublished\":\"2021-05-16T18:23:54+00:00\",\"dateModified\":\"2021-05-24T13:44:17+00:00\",\"breadcrumb\":{\"@id\":\"https:\/\/www.wellensittich.net\/blog\/einzelhaltung\/#breadcrumb\"},\"inLanguage\":\"de\",\"potentialAction\":[{\"@type\":\"ReadAction\",\"target\":[\"https:\/\/www.wellensittich.net\/blog\/einzelhaltung\/\"]}]},{\"@type\":\"BreadcrumbList\",\"@id\":\"https:\/\/www.wellensittich.net\/blog\/einzelhaltung\/#breadcrumb\",\"itemListElement\":[{\"@type\":\"ListItem\",\"position\":1,\"item\":{\"@type\":\"WebPage\",\"@id\":\"https:\/\/www.wellensittich.net\/blog\/\",\"url\":\"https:\/\/www.wellensittich.net\/blog\/\",\"name\":\"Startseite\"}},{\"@type\":\"ListItem\",\"position\":2,\"item\":{\"@id\":\"https:\/\/www.wellensittich.net\/blog\/einzelhaltung\/#webpage\"}}]}]}<\/script>\n<!-- \/ Yoast SEO plugin. -->","_links":{"self":[{"href":"https:\/\/www.wellensittich.net\/blog\/wp-json\/wp\/v2\/pages\/924","targetHints":{"allow":["GET"]}}],"collection":[{"href":"https:\/\/www.wellensittich.net\/blog\/wp-json\/wp\/v2\/pages"}],"about":[{"href":"https:\/\/www.wellensittich.net\/blog\/wp-json\/wp\/v2\/types\/page"}],"author":[{"embeddable":true,"href":"https:\/\/www.wellensittich.net\/blog\/wp-json\/wp\/v2\/users\/1"}],"replies":[{"embeddable":true,"href":"https:\/\/www.wellensittich.net\/blog\/wp-json\/wp\/v2\/comments?post=924"}],"version-history":[{"count":21,"href":"https:\/\/www.wellensittich.net\/blog\/wp-json\/wp\/v2\/pages\/924\/revisions"}],"predecessor-version":[{"id":1655,"href":"https:\/\/www.wellensittich.net\/blog\/wp-json\/wp\/v2\/pages\/924\/revisions\/1655"}],"wp:attachment":[{"href":"https:\/\/www.wellensittich.net\/blog\/wp-json\/wp\/v2\/media?parent=924"}],"curies":[{"name":"wp","href":"https:\/\/api.w.org\/{rel}","templated":true}]}}